In base 9, what is -1 - -8025?
8024
In base 11, what is -1 - 1668?
-1669
In base 16, what is 1c + -1b?
1
In base 3, what is 201 - -12?
220
In base 12, what is 3356 + -1?
3355
In base 15, what is 4 - -230?
234
In base 8, what is 20 + -1455?
-1435
In base 4, what is 20201 + 21?
20222
In base 6, what is 54 - -2?
100
In base 11, what is -10a - -17?
-a3
In base 2, what is 100000000101001 + -101?
100000000100100
In base 16, what is -f + -b4?
-c3
In base 11, what is -55 + -1?
-56
In base 9, what is -641 + 6?
-634
In base 9, what is -10 + 465?
455
In base 7, what is 0 + 544?
544
In base 13, what is -29a + 2?
-298
In base 5, what is -31040 - 3?
-31043
In base 9, what is -58 - 10?
-68
In base 7, what is -1 + 13635?
13634
In base 8, what is -1063 - 4?
-1067
In base 7, what is -2 + 21?
16
In base 15, what is -21 + 5?
-1b
In base 13, what is 1c - -18?
37
In base 7, what is -231 + 3?
-225
In base 12, what is -351 - -39?
-314
In base 5, what is 140 - 12?
123
In base 5, what is 1101 + 4?
1110
In base 16, what is 38 - 2?
36
In base 2, what is 0 - -10000?
10000
In base 14, what is 18 - -59?
73
In base 4, what is -2 - -32?
30
In base 4, what is 21 - 33301?
-33220
In base 15, what is d - 17?
-9
In base 8, what is -10 + -43?
-53
In base 11, what is -541 - 0?
-541
In base 12, what is -120 + 2?
-11a
In base 8, what is -4525 + 3?
-4522
In base 9, what is -15 + 11?
-4
In base 10, what is 106 + -12?
94
In base 2, what is -11 - -11101110?
11101011
In base 6, what is 52433 + -1?
52432
In base 15, what is -438 - -11?
-427
In base 4, what is -10 + 303?
233
In base 15, what is 1 + 1342?
1343
In base 12, what is 224 - -5?
229
In base 3, what is 1 + 10200?
10201
In base 7, what is 4 + -515?
-511
In base 16, what is -3 - -398?
395
In base 5, what is 1143 + 2?
1200
In base 4, what is 1212 - -11?
1223
In base 11, what is 34a + 4?
353
In base 4, what is 11 - -1321130?
1321201
In base 4, what is -232 + -100?
-332
In base 4, what is 1121 + 1201?
2322
In base 10, what is -18741 - -5?
-18736
In base 5, what is -20020 - 1?
-20021
In base 15, what is -3 - -60?
5c
In base 13, what is -5014 + 5?
-500c
In base 2, what is 10 + 1000010?
1000100
In base 5, what is -4301 + 10?
-4241
In base 6, what is 15 + 1534?
1553
In base 11, what is 0 - -19?
19
In base 7, what is 6240 + 2?
6242
In base 7, what is -111 - -214?
103
In base 12, what is 5a + b?
69
In base 13, what is -334 + -a?
-341
In base 15, what is 185 - -2?
187
In base 2, what is -1101 + 1001011?
111110
In base 8, what is 0 - -2513?
2513
In base 8, what is -1 + 75?
74
In base 13, what is -21 - -67?
46
In base 10, what is -5353 - 4?
-5357
In base 14, what is 2 + 36?
38
In base 16, what is -1 + 302?
301
In base 7, what is 1 - -22?
23
In base 10, what is -1 - 453?
-454
In base 16, what is -340 - 0?
-340
In base 16, what is 4 - -3b?
3f
In base 10, what is 42 + -1?
41
In base 9, what is -250 - -4?
-245
In base 13, what is -61 + -1?
-62
In base 8, what is -2 - -71?
67
In base 11, what is 2163 - -4?
2167
In base 8, what is -15 + -6?
-23
In base 6, what is -2510 - 1?
-2511
In base 14, what is 277 + 9?
282
In base 5, what is -2 - -1234?
1232
In base 14, what is -1 - -13b?
13a
In base 15, what is -70 - -5d?
-12
In base 2, what is -111 - 10001110101?
-10001111100
In base 3, what is -1 + 21002?
21001
In base 15, what is 2ea + -a?
2e0
In base 4, what is 2 + 12121?
12123
In base 11, what is 1520 - -1?
1521
In base 9, what is 487 - -2?
500
In base 14, what is -5 + -242?
-247
In base 2, what is 101 + -10100101?
-10100000
In base 6, what is 13 + -112?
-55
In base 10, what is 4 + -15?
-11
In base 8, what is 10 + 2273?
2303
In base 14, what is -2 - -8c?
8a
In base 11, what is 0 + 87?
87
In base 3, what is 1012211 - -11?
1012222
In base 7, what is -20 + -302?
-322
In base 16, what is -124 + 3?
-121
In base 9, what is -5 - 18?
-24
In base 2, what is 101 - 10001100110?
-10001100001
In base 12, what is -8 - 5?
-11
In base 12, what is 93 - -5?
98
In base 8, what is 7 + 74?
103
In base 10, what is 60 - 341?
-281
In base 3, what is 11 - -221?
1002
In base 14, what is -1 + 32?
31
In base 16, what is -4 + -bb?
-bf
In base 15, what is -81 - 4?
-85
In base 8, what is 0 + -771?
-771
In base 16, what is -b + 1c?
11
In base 15, what is 34 + -5?
2e
In base 14, what is -4 + d?
9
In base 2, what is -10011 - -100?
-1111
In base 4, what is -3303 - 130?
-10033
In base 2, what is -10 - 0?
-10
In base 14, what is 5d09 + -2?
5d07
In base 11, what is -4 + 1289?
1285
In base 12, what is -2 + -51?
-53
In base 15, what is -8 - -1c?
14
In base 13, what is -40 - -12?
-2b
In base 8, what is -100 - -6?
-72
In base 4, what is -222 - 0?
-222
In base 10, what is -2 + -58?
-60
In base 10, what is -751 - 3?
-754
In base 12, what is -53 + 4?
-4b
In base 13, what is -bab - -2?
-ba9
In base 7, what is 3065 + 3?
3101
In base 15, what is -6 + 32?
2b
In base 9, what is 3 - 604?
-601
In base 3, what is -21 + 20010?
12212
In base 3, what is -11 + 1221?
1210
In base 15, what is -1 - b2?
-b3
In base 12, what is -32 + -159?
-18b
In base 10, what is -19 - -4?
-15
In base 2, what is -1001 + -1001?
-10010
In base 13, what is -2 - -256?
254
In base 5, what is 1321 - -33?
1404
In base 15, what is d0 - -5?
d5
In base 8, what is 247 + 5?
254
In base 5, what is -10 + -111323?
-111333
In base 4, what is -2 + 211?
203
In base 14, what is -c61 + a?
-c55
In base 9, what is 366 + 61?
437
In base 3, what is -122 - -21?
-101
In base 4, what is -30 - -1011?
321
In base 16, what is -1f74 - -5?
-1f6f
In base 7, what is -2042 - 4?
-2046
In base 10, what is 27 - -4?
31
In base 14, what is -94 - -5?
-8d
In base 13, what is 4 - 136?
-132
In base 3, what is 110200 - 10?
110120
In base 6, what is -1451 - -15?
-1432
In base 12, what is 5 - -62?
67
In base 13, what is 4 - -55?
59
In base 11, what is -4 + -20?
-24
In base 14, what is 3 + -7?
-4
In base 14, what is a60 - 4?
a5a
In base 15, what is -35b + 26?
-335
In base 8, what is 11 - 2?
7
In base 3, what is 12211 - 10?
12201
In base 12, what is 0 - -100?
100
In base 6, what is -1300 + -1?
-1301
In base 2, what is 1101110 - -100001?
10001111
In base 10, what is -7 + -174?
-181
In base 12, what is -3 + 539?
536
In base 2, what is -10110000011101 + -10?
-10110000011111
In base 16, what is -18c - 7?
-193
In base 8, what is 1 - -10666?
10667
In base 2, what is -101010001 - 101?
-101010110
In base 6, what is -1155 - 5?
-1204
In base 3, what is 12211 - 10?
12201
In base 3, what is 2 - -11202?
11211
In base 2, what is -11011001001 - -10111?
-11010110010
In base 4, what is -20013 - -3?
-20010
In base 11, what is 17 + 37?
53
In base 14, what is -3 - 403?
-406
In base 16, what is -117 + 4?
-113
In base 7, what is 3 + -114?
-111
In base 10, what is -44 + -5?
-49
In base 3, what is 21210 - -2?
21212
In base 13, what is 29 + -8?
21
In base 5, what is 0 - 121?
-121
In base 10, what is -146 + -5?
-151
In base 9, what is -4 + -104?
-108
In base 9, what is 17 - -6?
24
In base 12, what is -5 - -27?
22
In base 15, what is 1 - 26?
-25
In base 16, what is -36 + -e?
-44
In base 11, what is -54 - -181?
128
In base 10, what is -4327 + -5?
-4332
In base 16, what is -8 - c?
-14
In base 5, what is -2 - -2331?
2324
In base 10, what is -3916 + 2?
-3914
In base 6, what is 505 + 4?
513
In base 10, what is -3 - 185?
-188
In base 10, what is -5 + -310?
-315
In base 14, what is 166 + 5?
16b
In base 5, what is 234 + -10?
224
In base 5, what is -130344 - 0?
-130344
In base 14, what is -347 - 2?
-349
In base 8, what is -266 + -4?
-272
In base 5, what is 3041 - -4?
3100
In base 5, what is 100 - 0?
100
In base 2, what is 101 - 0?
101
In base 12, what is 5 + 276?
27b
In base 13, what is -19c - 3?
-1a2
In base 10, what is 36 - -3?
39
In base 6, what is 32 - 13?
15
In base 16, what is -ab - -2?
-a9
In base 13, what is 15 - 2?
13
In base 15, what is -18b + -a?
-196
In base 2, what is -11010111 - 11?
-11011010
In base 6, what is -11 + 13?
2
In base 2, what is -11 - -10100011100?
10100011001
In base 13, what is -171 - 6?
-177
In base 10, what is -8 - -28?
20
In base 14, what is -5 + 2c1?
2ba
In base 5, what is 141 - -31?
222
In base 4, what is -3 + 1113?
1110
In base 9, what is 0 + -336?
-336
In base 15, what is -b + 4?
-7
In base 11, what is 15 + 50?
65
In base 13, what is -ac4 - -4?
-ac0
In base 5, what is 22033 + 